- 54978 = 53*c. What is the hundreds digit of c?
3
Let o(v) = v**2 - 12*v - 35. What is the units digit of o(-17)?
8
Let o(m) = -30 + 17*m - 8*m - 2*m + m**2. What is the tens digit of o(-11)?
1
Let y be (508 + 0/(-1))/1. Suppose y = 5*a - 272. What is the units digit of a?
6
Let u(a) = 2*a**2 - a - 5. Suppose -2*x + 2*h = -28, -x = 6*h - 4*h - 26. Suppose 5*w = 3*w - 2*b + x, 5*b = 5*w + 5. What is the units digit of u(w)?
3
Let c(d) = d**3 + 7*d**2 + 7*d + 6. Let x be c(-6). Let z = 0 + x. Suppose z = -2*k + 15 + 31. What is the tens digit of k?
2
Suppose 3960 = 5*n + 4*n. What is the units digit of n?
0
Let i(j) = j + 3. Let v(o) = -3*o - 9. Let y(g) = 11*i(g) + 4*v(g). What is the tens digit of y(-14)?
1
Suppose 2535 = 5*u - 3*b, -b + 420 = u - 79. What is the tens digit of u?
0
Let f be 6/(-9)*(-3 + (-27)/6). Suppose 0 = f*p - 213 - 592. What is the hundreds digit of p?
1
Let g be 2/(1 - 1/3). Suppose 15 = g*t + 3*b, -4*t + 2*b + 2*b + 4 = 0. Suppose -2*o + 6*o + t*r = 217, -r = -3*o + 166. What is the tens digit of o?
5
Suppose p - 4 = 3. Let u(f) = f**2 - 7*f + 4. Let a be u(p). What is the units digit of (3 - 3) + 8/a?
2
Let i = -38 - -41. Suppose r + 66 = i*w, -3*r = -w - 4*r + 22. What is the tens digit of (143/w)/(2/24)?
7
Let d be (-135 - -1)/((2*-2)/2). Suppose -3*m = 3*x - 492, m - d = 5*x + 85. What is the hundreds digit of m?
1
Let o = -2691 + 5236. What is the units digit of o?
5
Let p(z) = 4*z**2 + 0*z**2 - 3*z**2 + 0*z**2 + 9 - 2*z. What is the hundreds digit of p(11)?
1
Let d(p) = 5*p**2 + 9*p + 14. What is the tens digit of d(-14)?
6
Let n(b) = 2*b**3 - 13*b**2 + 11*b. What is the thousands digit of n(11)?
1
Suppose -3 - 9 = 4*v. Let m = 65 + v. What is the units digit of m?
2
Let a be (-1)/(-3)*(-7 + 16). Suppose a*p + 40 = 4*p. What is the tens digit of p?
4
Let m(r) = -10*r**3 - r**2 - r. Let k be m(-2). Let o = k - -38. What is the hundreds digit of o?
1
What is the units digit of 2/13 - (-754257)/273?
3
Suppose 0 = -11*n + 3*n + 280. What is the units digit of n?
5
Let k = -23 + 19. What is the units digit of (2 - 321/k) + 30/40?
3
Let c be (-6)/(-8)*(6 - -2). Let v(r) = -9*r + 3. Let b(z) = -10*z + 4. Let m(g) = c*v(g) - 5*b(g). What is the units digit of m(-3)?
0
Let q be -1 - -16*407 - 2. Suppose 13*w + 10*w - q = 0. What is the units digit of w?
3
Let f(z) = z**3 + z**2 - z - 70. Let u be f(0). Let c = u - -206. Suppose 0 = 7*y - 3*y - c. What is the units digit of y?
4
Suppose 3*v + 2*a = 56 + 30, 0 = 3*v - a - 74. Suppose 0 = -3*u - 5*l - 8, -5*l + 3*l = 5*u + v. What is the tens digit of (-4)/12*u*14?
2
Suppose -3*v - 5*d + 6*d = -15183, 0 = -4*v + 3*d + 20244. What is the hundreds digit of v?
0
Let u(o) = -o + 7. Let f(q) be the third derivative of q**5/60 - q**4/6 - q**3/2 - 5*q**2. Let g be f(4). What is the units digit of u(g)?
0
Let l(d) = 39*d**2 - 25*d - 39. What is the units digit of l(-4)?
5
Let f(y) = 3*y**3 - 5*y**2 + 3*y - 21. What is the hundreds digit of f(4)?
1
What is the units digit of (-9 - -7 - -3)*409?
9
Suppose -6 - 2 = 4*p, 2*p - 1441 = -5*q. What is the tens digit of q?
8
Let u = -36 - -42. Suppose -t + u*t - 60 = 0. What is the tens digit of t?
1
Let i(d) = 20*d**2 - d + 2. Suppose -2*u + 8 = -6*u. What is the tens digit of i(u)?
8
Suppose -27*c + 690 = -24*c. What is the tens digit of c?
3
Suppose 0 = 2*t + t - 87. Let j = 42 - t. Suppose -m + 16 + j = 0. What is the tens digit of m?
2
Let i(x) = -x**3 - 7*x**2 - 6*x + 5. Let w be i(-6). Suppose 102 = -3*h + w*h. What is the units digit of h?
1
Suppose -5517 = 7*f - 16*f. What is the units digit of f?
3
Let x = -250 + 1734. What is the units digit of x?
4
Let w(l) = -317*l - 14. What is the hundreds digit of w(-10)?
1
Let d(p) = -p**3 + 5*p**2 - 3*p - 2. Let k be d(3). Suppose -2*t - 5*g - k = 0, 3*t + 4*g = -0*g + 7. What is the units digit of t?
9
What is the units digit of (-820)/8*(-64)/10?
6
Let u be 17687/23 + (0 - 2). Let x = u + -542. What is the hundreds digit of x?
2
Suppose 5*v = -k + 2*v - 24, v = 5*k + 72. What is the units digit of (-4 - 140/k)/((-4)/(-6))?
8
Let x be (-3)/(-4) + (-519)/4. Let p = 189 + x. What is the units digit of p?
0
What is the hundreds digit of 3 - -1520 - (-8 - -4)?
5
Let r(s) = -140*s - 164. What is the tens digit of r(-6)?
7
Suppose 2*g + 2*g = 3*w + 31, w - 43 = -4*g. Suppose 13*r - g*r = 345. What is the hundreds digit of r?
1
Let v be (30/(-6))/(2/(-68)). Let q = v + -108. What is the units digit of q?
2
Let b = 821 + -726. What is the tens digit of b?
9
Let h(p) = -3*p**3 - 2*p**2 + 7*p + 6. Let s be h(-4). Suppose -s = 5*x - 788. What is the tens digit of x?
3
Suppose 2*z = -0*z + 432. Suppose -3*q - 4*x + 267 + 49 = 0, 2*q - z = -4*x. What is the tens digit of q?
0
Let d(f) = -4*f - 20. Suppose -6*h + 188 = -2*h. Suppose h = -5*n + 7. What is the tens digit of d(n)?
1
Suppose -3*o = 3*b - 30, -3*b = 2*b - 4*o - 5. Suppose 392 = 3*r - b*g, 0 = 5*r - 2*g - 744 + 78. What is the hundreds digit of r?
1
Let h(u) = 8*u. Let q be h(0). Suppose 2*r = -3*m + 582, r - 293 = -q*r - 2*m. What is the hundreds digit of r?
2
Let o be 4/(-12) + 16*1/3. What is the units digit of (13 - 1)*(3/2 + o)?
8
What is the tens digit of (8/5)/(16 + (-152154)/9510)?
3
Suppose -38 = -2*b + k, 3*b - 5*k - 48 - 23 = 0. Suppose 5*o = 2*i - 51, -3*i + 77 + b = -4*o. What is the tens digit of i?
3
Let n(l) = 13*l**2 + 2*l - 247. What is the units digit of n(-20)?
3
Let l = -623 + 1773. What is the hundreds digit of l?
1
Let p(h) = h**2 - 7*h + 10. Let c be p(5). Suppose 6*g - g - 325 = c. Suppose -g = -6*q + q. What is the units digit of q?
3
Let d(q) = q**2 - 2*q - 12. Let i be d(5). Suppose 4*j + 5*b = 69, 6*j - 2*b - 23 = i*j. What is the tens digit of j?
1
Suppose -2*y - 3*f + 2624 = 0, -2941 = -2*y - 2*f - 313. What is the units digit of y?
8
Let u(z) = -1951*z - 82. What is the tens digit of u(-2)?
2
What is the hundreds digit of ((-18)/(-8))/(-1 - (-13497)/13488)?
3
Let u(b) be the second derivative of 35*b**3/6 + b**2/2 + b. Let s = 15 + -14. What is the tens digit of u(s)?
3
Suppose 2714 - 18720 = -53*m. What is the units digit of m?
2
Let d(s) = s**2 - 11*s - 19. Let f be d(19). Let y be (-2)/(-2) - 1*-2. Suppose 0 = -4*t + y*u + f + 42, -t + u + 45 = 0. What is the units digit of t?
0
Suppose 245 - 3545 = -5*q - 5*p, 2*q = -p + 1315. What is the units digit of q?
5
Suppose -12 = -76*h + 73*h. Suppose -6*x + 344 = -h*x. What is the tens digit of x?
7
Suppose -3*d - 17 = -4*x + 2*d, 3*x + 5*d = 4. Suppose -4*f - 2*o + 10 = 0, x*f + 0*o - 5*o - 1 = 0. What is the units digit of f?
2
What is the tens digit of 3/((-8 - -5)*1/(-2635))?
3
Let f = 26 + -22. Suppose -36 - 212 = -f*j. What is the units digit of j?
2
Let f be 12 + -4 - 4 - -3. Suppose -10*q = -f*q. Suppose 4*l = 2*k + 290, q = -4*l - 3*k + 265 + 10. What is the tens digit of l?
7
Suppose -4*t - 3*b = -41, 0 = t + 5*b - 23. Let q(n) = 5*n + 21. What is the tens digit of q(t)?
6
Let o(a) = -a**2 + 5*a - 1. Let d be o(3). Let n(u) = 2*u + 27. Let i be n(-12). Suppose d*b - i = 4*y, -b + 4*b + y = 12. What is the units digit of b?
3
Suppose 4*r + 3*o - 3857 = 0, -4*o - 5318 = -5*r - 458. What is the units digit of r?
8
Suppose -300*z + 307*z = 6083. What is the units digit of z?
9
Let s(a) = -a**3 + 5*a**2 + 6*a. Let p be s(6). Suppose -4*d - 5*h + 235 = p, -9 = -3*h - 0*h. What is the tens digit of d?
5
What is the units digit of 3/((-24)/(-3176)) + 8?
5
Suppose -5*w = 3*i - 821, -3*w + 4*w - i = 161. What is the tens digit of w?
6
Let x(w) = -w**3 - 24*w**2 + 6*w - 19. What is the units digit of x(-25)?
6
Suppose 4*n - 4147 = -423. What is the tens digit of n?
3
Let t = -5209 + 7399. What is the units digit of t?
0
Let u(m) = -m**3 + 4*m**2 - m - 2. Let z be u(3). Suppose y + z*f = -3, 0 = 2*f + 1 + 3. Suppose -4*w - y = -v, w + 2 = 4*v + 3*w. What is the units digit of v?
1
Let c(p) = 5*p**2 + 18*p - 97. What is the hundreds digit of c(10)?
5
Suppose 0 = h + 4*k - 8, 0 = -5*k - 6 + 11. Suppose h*m = 5*w - 209, -w + 86 = w - m. What is the tens digit of w?
4
Let z be 1 - (-87)/(7 - 4). Let l = -4 + z. What is the tens digit of l?
2
Suppose -188 = -2*x - 0*x - 2*w, -5*x = -4*w - 488. What is the tens digit of (x/(-14))/(2/(-14))?
4
Let h(x) be the third de